{"id":33,"date":"2014-02-21T22:00:52","date_gmt":"2014-02-21T22:00:52","guid":{"rendered":"http:\/\/localhost\/lb\/wordpress\/?page_id=33"},"modified":"2014-03-02T12:37:36","modified_gmt":"2014-03-02T12:37:36","slug":"qualitatssicherung","status":"publish","type":"page","link":"https:\/\/www.lebensberatung-schmoll.at\/?page_id=33","title":{"rendered":"Qualit\u00e4tssicherung"},"content":{"rendered":"<p>Psychosoziale Beratung und Coaching ist eine professionelle Zusammenarbeit mit Menschen in Problem- und Entscheidungssituationen. Durch gezielte Gespr\u00e4chsf\u00fchrung und verschiedenen Techniken kann die eigene Sichtweise auf die belastende Situation ver\u00e4ndert und zielorientierte L\u00f6sungen erarbeitet werden. Die dabei angewandte Methode basiert auf modernen Erkenntnissen der systemischen und klientenzentrierten Kurzzeittherapie mit l\u00f6sungsorientiertem Ansatz. Die gewerbliche Aus\u00fcbung wird als <strong>Lebens- und Sozialberatung <\/strong>bezeichnet.<\/p>\n<p>Die Berechtigung zur Aus\u00fcbung ist der <span style=\"text-decoration: underline;\">Gewerbeschein<\/span> und setzt die <span style=\"text-decoration: underline;\">Bef\u00e4higung <\/span>gem\u00e4\u00df Lebens- und Sozialberaterverordnung voraus, u.a. <span style=\"text-decoration: underline;\">drei Ausbildungsjahre des Lehrgangs<\/span> in Theorie und Praxis mit Selbsterfahrung sowie mindestens <span style=\"text-decoration: underline;\">750 Stunden fachliche T\u00e4tigkeit<\/span> teils unter begleiteter Supervision. Lebens- und Sozialberater haben sich bei all ihren Entscheidungen und Beratungsschritten am <strong>Wohle der Klienten<\/strong> zu orientieren, ebenso besteht in Beratung und Mediation eine <strong>Verschwiegenheitspflicht.<\/strong><\/p>\n","protected":false},"excerpt":{"rendered":"<p>Psychosoziale Beratung und Coaching ist eine professionelle Zusammenarbeit mit Menschen in Problem- und Entscheidungssituationen. Durch gezielte Gespr\u00e4chsf\u00fchrung und verschiedenen Techniken kann die eigene Sichtweise auf die belastende Situation ver\u00e4ndert und zielorientierte L\u00f6sungen erarbeitet werden. Die dabei angewandte Methode basiert auf &hellip; <a href=\"https:\/\/www.lebensberatung-schmoll.at\/?page_id=33\">Weiterlesen <span class=\"meta-nav\">&rarr;<\/span><\/a><\/p>\n","protected":false},"author":1,"featured_media":34,"parent":0,"menu_order":3,"comment_status":"closed","ping_status":"closed","template":"sidebar-page.php","meta":{"footnotes":""},"class_list":["post-33","page","type-page","status-publish","has-post-thumbnail","hentry"],"_links":{"self":[{"href":"https:\/\/www.lebensberatung-schmoll.at\/index.php?rest_route=\/wp\/v2\/pages\/33","targetHints":{"allow":["GET"]}}],"collection":[{"href":"https:\/\/www.lebensberatung-schmoll.at\/index.php?rest_route=\/wp\/v2\/pages"}],"about":[{"href":"https:\/\/www.lebensberatung-schmoll.at\/index.php?rest_route=\/wp\/v2\/types\/page"}],"author":[{"embeddable":true,"href":"https:\/\/www.lebensberatung-schmoll.at\/index.php?rest_route=\/wp\/v2\/users\/1"}],"replies":[{"embeddable":true,"href":"https:\/\/www.lebensberatung-schmoll.at\/index.php?rest_route=%2Fwp%2Fv2%2Fcomments&post=33"}],"version-history":[{"count":2,"href":"https:\/\/www.lebensberatung-schmoll.at\/index.php?rest_route=\/wp\/v2\/pages\/33\/revisions"}],"predecessor-version":[{"id":108,"href":"https:\/\/www.lebensberatung-schmoll.at\/index.php?rest_route=\/wp\/v2\/pages\/33\/revisions\/108"}],"wp:featuredmedia":[{"embeddable":true,"href":"https:\/\/www.lebensberatung-schmoll.at\/index.php?rest_route=\/wp\/v2\/media\/34"}],"wp:attachment":[{"href":"https:\/\/www.lebensberatung-schmoll.at\/index.php?rest_route=%2Fwp%2Fv2%2Fmedia&parent=33"}],"curies":[{"name":"wp","href":"https:\/\/api.w.org\/{rel}","templated":true}]}}